{"id":29337,"date":"2026-02-20T16:47:38","date_gmt":"2026-02-20T13:47:38","guid":{"rendered":"https:\/\/klimera.com.tr\/?page_id=29337"},"modified":"2026-02-24T22:24:28","modified_gmt":"2026-02-24T19:24:28","slug":"hizmetlerimiz","status":"publish","type":"page","link":"https:\/\/klimera.com.tr\/?page_id=29337","title":{"rendered":"Hizmetlerimiz"},"content":{"rendered":"\t\t<div data-elementor-type=\"wp-page\" data-elementor-id=\"29337\" class=\"elementor elementor-29337\">\n\t\t\t\t<div class=\"wd-negative-gap elementor-element elementor-element-48883c0 e-flex e-con-boxed e-con e-parent\" data-id=\"48883c0\" data-element_type=\"container\">\n\t\t\t\t\t<div class=\"e-con-inner\">\n\t\t<div class=\"elementor-element elementor-element-2a4ecdb e-con-full e-flex e-con e-child\" data-id=\"2a4ecdb\" data-element_type=\"container\" data-settings=\"{&quot;background_background&quot;:&quot;classic&quot;}\">\n\t\t\t\t<div class=\"elementor-element elementor-element-5174976 elementor-position-top elementor-widget elementor-widget-image-box\" data-id=\"5174976\" data-element_type=\"widget\" data-widget_type=\"image-box.default\">\n\t\t\t\t\t<div class=\"elementor-image-box-wrapper\"><figure class=\"elementor-image-box-img\"><img loading=\"lazy\" decoding=\"async\" width=\"300\" height=\"300\" src=\"https:\/\/klimera.com.tr\/wp-content\/uploads\/2026\/02\/bireysel-iklimlendirme.png\" class=\"attachment-full size-full wp-image-29353\" alt=\"\" srcset=\"https:\/\/klimera.com.tr\/wp-content\/uploads\/2026\/02\/bireysel-iklimlendirme.png 300w, https:\/\/klimera.com.tr\/wp-content\/uploads\/2026\/02\/bireysel-iklimlendirme-150x150.png 150w\" sizes=\"auto, (max-width: 300px) 100vw, 300px\" \/><\/figure><div class=\"elementor-image-box-content\"><h3 class=\"elementor-image-box-title\">Bireysel \u0130klimlendirme \u00c7\u00f6z\u00fcmleri<\/h3><p class=\"elementor-image-box-description\">Konutlara \u00f6zel y\u00fcksek verimli split klima sistemleri, modern kombi ve kazan uygulamalar\u0131 ile yenilik\u00e7i ve \u00e7evreci \u0131s\u0131 pompas\u0131 \u00e7\u00f6z\u00fcmleri sunuyoruz. Enerji tasarrufu sa\u011flayan, uzun \u00f6m\u00fcrl\u00fc ve konfor odakl\u0131 sistemlerle ya\u015fam alanlar\u0131n\u0131zda ideal iklim ko\u015fullar\u0131n\u0131 olu\u015fturuyoruz.<\/p><\/div><\/div>\t\t\t\t<\/div>\n\t\t\t\t<\/div>\n\t\t<div class=\"elementor-element elementor-element-fa61432 e-con-full e-flex e-con e-child\" data-id=\"fa61432\" data-element_type=\"container\" data-settings=\"{&quot;background_background&quot;:&quot;classic&quot;}\">\n\t\t\t\t<div class=\"elementor-element elementor-element-31edce4 elementor-position-top elementor-widget elementor-widget-image-box\" data-id=\"31edce4\" data-element_type=\"widget\" data-widget_type=\"image-box.default\">\n\t\t\t\t\t<div class=\"elementor-image-box-wrapper\"><figure class=\"elementor-image-box-img\"><img loading=\"lazy\" decoding=\"async\" width=\"300\" height=\"300\" src=\"https:\/\/klimera.com.tr\/wp-content\/uploads\/2026\/02\/ticari-1.png\" class=\"attachment-full size-full wp-image-29351\" alt=\"\" srcset=\"https:\/\/klimera.com.tr\/wp-content\/uploads\/2026\/02\/ticari-1.png 300w, https:\/\/klimera.com.tr\/wp-content\/uploads\/2026\/02\/ticari-1-150x150.png 150w\" sizes=\"auto, (max-width: 300px) 100vw, 300px\" \/><\/figure><div class=\"elementor-image-box-content\"><h3 class=\"elementor-image-box-title\">Ticari &amp; End\u00fcstriyel \u0130klimlendirme<\/h3><p class=\"elementor-image-box-description\">Ofis, villa, rezidans, ma\u011faza, otel, hastane, poliklinik ve i\u015f merkezlerine \u00f6zel merkezi iklimlendirme \u00e7\u00f6z\u00fcmleri geli\u015ftiriyoruz. VRV \/ VRF sistemler, \u0131s\u0131 pompas\u0131 uygulamalar\u0131 ve yerden \u0131s\u0131tma sistemleri ile projeye \u00f6zel m\u00fchendislik \u00e7\u00f6z\u00fcmleri sunarak y\u00fcksek performans ve maksimum verimlilik sa\u011fl\u0131yoruz.<\/p><\/div><\/div>\t\t\t\t<\/div>\n\t\t\t\t<\/div>\n\t\t<div class=\"elementor-element elementor-element-8a4ae72 e-con-full e-flex e-con e-child\" data-id=\"8a4ae72\" data-element_type=\"container\" data-settings=\"{&quot;background_background&quot;:&quot;classic&quot;}\">\n\t\t\t\t<div class=\"elementor-element elementor-element-d79d24e elementor-position-top elementor-widget elementor-widget-image-box\" data-id=\"d79d24e\" data-element_type=\"widget\" data-widget_type=\"image-box.default\">\n\t\t\t\t\t<div class=\"elementor-image-box-wrapper\"><figure class=\"elementor-image-box-img\"><img loading=\"lazy\" decoding=\"async\" width=\"300\" height=\"300\" src=\"https:\/\/klimera.com.tr\/wp-content\/uploads\/2026\/02\/hava-kalitesi-1.png\" class=\"attachment-full size-full wp-image-29352\" alt=\"\" srcset=\"https:\/\/klimera.com.tr\/wp-content\/uploads\/2026\/02\/hava-kalitesi-1.png 300w, https:\/\/klimera.com.tr\/wp-content\/uploads\/2026\/02\/hava-kalitesi-1-150x150.png 150w\" sizes=\"auto, (max-width: 300px) 100vw, 300px\" \/><\/figure><div class=\"elementor-image-box-content\"><h3 class=\"elementor-image-box-title\">Hava Kalitesi &amp; Havaland\u0131rma Sistemleri<\/h3><p class=\"elementor-image-box-description\">\u0130\u00e7 mek\u00e2n hava kalitesini art\u0131ran taze hava ve profesyonel havaland\u0131rma sistemleri ile sa\u011fl\u0131kl\u0131 ya\u015fam alanlar\u0131 olu\u015fturuyoruz.\nChiller, klima santrali, roof-top, fancoil ve \u0131s\u0131 geri kazan\u0131m sistemleri dahil olmak \u00fczere merkezi iklimlendirme ve havaland\u0131rma \u00e7\u00f6z\u00fcmlerini anahtar teslim olarak projelendiriyor uyguluyoruz.<\/p><\/div><\/div>\t\t\t\t<\/div>\n\t\t\t\t<\/div>\n\t\t\t\t\t<\/div>\n\t\t\t\t<\/div>\n\t\t<div class=\"wd-negative-gap elementor-element elementor-element-685d2cb e-flex e-con-boxed e-con e-parent\" data-id=\"685d2cb\" data-element_type=\"container\">\n\t\t\t\t\t<div class=\"e-con-inner\">\n\t\t<div class=\"elementor-element elementor-element-3b9ebbe e-con-full e-flex e-con e-child\" data-id=\"3b9ebbe\" data-element_type=\"container\" data-settings=\"{&quot;background_background&quot;:&quot;classic&quot;}\">\n\t\t\t\t<div class=\"elementor-element elementor-element-88bc1bb elementor-position-top elementor-widget elementor-widget-image-box\" data-id=\"88bc1bb\" data-element_type=\"widget\" data-widget_type=\"image-box.default\">\n\t\t\t\t\t<div class=\"elementor-image-box-wrapper\"><figure class=\"elementor-image-box-img\"><img loading=\"lazy\" decoding=\"async\" width=\"300\" height=\"300\" src=\"https:\/\/klimera.com.tr\/wp-content\/uploads\/2026\/02\/split-klima.png\" class=\"attachment-full size-full wp-image-29350\" alt=\"\" srcset=\"https:\/\/klimera.com.tr\/wp-content\/uploads\/2026\/02\/split-klima.png 300w, https:\/\/klimera.com.tr\/wp-content\/uploads\/2026\/02\/split-klima-150x150.png 150w\" sizes=\"auto, (max-width: 300px) 100vw, 300px\" \/><\/figure><div class=\"elementor-image-box-content\"><h3 class=\"elementor-image-box-title\">Bireysel \/ Ticari \/ Multi Split Klima Sistemleri<\/h3><p class=\"elementor-image-box-description\">Duvar tipi, salon tipi, kaset tipi ve kanal tipi split klima sistemlerinin sat\u0131\u015f ve montaj s\u00fcre\u00e7lerini uzman ekibimizle ger\u00e7ekle\u015ftiriyoruz. \u0130htiyaca uygun kapasite se\u00e7imi, do\u011fru ke\u015fif ve profesyonel uygulama ile maksimum performans sa\u011fl\u0131yoruz.<\/p><\/div><\/div>\t\t\t\t<\/div>\n\t\t\t\t<\/div>\n\t\t<div class=\"elementor-element elementor-element-3d5d471 e-con-full e-flex e-con e-child\" data-id=\"3d5d471\" data-element_type=\"container\" data-settings=\"{&quot;background_background&quot;:&quot;classic&quot;}\">\n\t\t\t\t<div class=\"elementor-element elementor-element-aa97a03 elementor-position-top elementor-widget elementor-widget-image-box\" data-id=\"aa97a03\" data-element_type=\"widget\" data-widget_type=\"image-box.default\">\n\t\t\t\t\t<div class=\"elementor-image-box-wrapper\"><figure class=\"elementor-image-box-img\"><img loading=\"lazy\" decoding=\"async\" width=\"300\" height=\"300\" src=\"https:\/\/klimera.com.tr\/wp-content\/uploads\/2026\/02\/vrv.png\" class=\"attachment-full size-full wp-image-29349\" alt=\"\" srcset=\"https:\/\/klimera.com.tr\/wp-content\/uploads\/2026\/02\/vrv.png 300w, https:\/\/klimera.com.tr\/wp-content\/uploads\/2026\/02\/vrv-150x150.png 150w\" sizes=\"auto, (max-width: 300px) 100vw, 300px\" \/><\/figure><div class=\"elementor-image-box-content\"><h3 class=\"elementor-image-box-title\">VRF \/ VRV Sistem Klimalar<\/h3><p class=\"elementor-image-box-description\">VRF \/ VRV sistemlerde ke\u015fif, projelendirme, m\u00fchendislik, montaj ve devreye alma s\u00fcre\u00e7lerinin tamam\u0131n\u0131 u\u00e7tan uca y\u00f6netiyoruz. B\u00fcy\u00fck \u00f6l\u00e7ekli projelerde enerji verimlili\u011fi, merkezi kontrol ve uzun vadeli i\u015fletme avantaj\u0131 sunan \u00e7\u00f6z\u00fcmler \u00fcretiyoruz.<\/p><\/div><\/div>\t\t\t\t<\/div>\n\t\t\t\t<\/div>\n\t\t<div class=\"elementor-element elementor-element-14e23b0 e-con-full e-flex e-con e-child\" data-id=\"14e23b0\" data-element_type=\"container\" data-settings=\"{&quot;background_background&quot;:&quot;classic&quot;}\">\n\t\t\t\t<\/div>\n\t\t\t\t\t<\/div>\n\t\t\t\t<\/div>\n\t\t\t\t<\/div>\n\t\t","protected":false},"excerpt":{"rendered":"<p>Bireysel \u0130klimlendirme \u00c7\u00f6z\u00fcmleri Konutlara \u00f6zel y\u00fcksek verimli split klima sistemleri, modern kombi ve kazan uygulamalar\u0131 ile yenilik\u00e7i ve \u00e7evreci \u0131s\u0131<\/p>\n","protected":false},"author":1,"featured_media":0,"parent":0,"menu_order":0,"comment_status":"closed","ping_status":"closed","template":"","meta":{"_joinchat":[],"footnotes":""},"class_list":["post-29337","page","type-page","status-publish","hentry"],"_links":{"self":[{"href":"https:\/\/klimera.com.tr\/index.php?rest_route=\/wp\/v2\/pages\/29337","targetHints":{"allow":["GET"]}}],"collection":[{"href":"https:\/\/klimera.com.tr\/index.php?rest_route=\/wp\/v2\/pages"}],"about":[{"href":"https:\/\/klimera.com.tr\/index.php?rest_route=\/wp\/v2\/types\/page"}],"author":[{"embeddable":true,"href":"https:\/\/klimera.com.tr\/index.php?rest_route=\/wp\/v2\/users\/1"}],"replies":[{"embeddable":true,"href":"https:\/\/klimera.com.tr\/index.php?rest_route=%2Fwp%2Fv2%2Fcomments&post=29337"}],"version-history":[{"count":13,"href":"https:\/\/klimera.com.tr\/index.php?rest_route=\/wp\/v2\/pages\/29337\/revisions"}],"predecessor-version":[{"id":29362,"href":"https:\/\/klimera.com.tr\/index.php?rest_route=\/wp\/v2\/pages\/29337\/revisions\/29362"}],"wp:attachment":[{"href":"https:\/\/klimera.com.tr\/index.php?rest_route=%2Fwp%2Fv2%2Fmedia&parent=29337"}],"curies":[{"name":"wp","href":"https:\/\/api.w.org\/{rel}","templated":true}]}}